{"id":1051,"date":"2025-07-11T20:17:57","date_gmt":"2025-07-11T20:17:57","guid":{"rendered":"https:\/\/gs-app-sitiosweb-wordpress-develop.azurewebsites.net\/wordpress\/?page_id=1051"},"modified":"2025-09-26T16:28:11","modified_gmt":"2025-09-26T16:28:11","slug":"tratamiento-de-datos-personales","status":"publish","type":"page","link":"https:\/\/gs-app-sitiosweb-wordpress-develop.azurewebsites.net\/wordpress\/tratamiento-de-datos-personales\/","title":{"rendered":"Tratamiento de Datos Personales"},"content":{"rendered":"\t\t<div data-elementor-type=\"wp-page\" data-elementor-id=\"1051\" class=\"elementor elementor-1051\" data-elementor-post-type=\"page\">\n\t\t\t\t<div class=\"elementor-element elementor-element-cfb3c56 oo e-flex e-con-boxed e-con e-parent\" data-id=\"cfb3c56\" data-element_type=\"container\">\n\t\t\t\t\t<div class=\"e-con-inner\">\n\t\t\t\t<div class=\"elementor-element elementor-element-afbea74 elementor-invisible elementor-widget elementor-widget-heading\" data-id=\"afbea74\" data-element_type=\"widget\" data-settings=\"{&quot;_animation&quot;:&quot;fadeInUp&quot;}\" data-widget_type=\"heading.default\">\n\t\t\t\t\t<h1 class=\"elementor-heading-title elementor-size-default\">Tratamiento de Datos Personales<\/h1>\t\t\t\t<\/div>\n\t\t\t\t<div class=\"elementor-element elementor-element-f66c44f elementor-invisible elementor-widget elementor-widget-text-editor\" data-id=\"f66c44f\" data-element_type=\"widget\" data-settings=\"{&quot;_animation&quot;:&quot;fadeInUp&quot;}\" data-widget_type=\"text-editor.default\">\n\t\t\t\t\t\t\t\t\t<p><strong>GLOBAL SEGUROS DE VIDA S.A.<\/strong>\u00a0de acuerdo con la calidad de los Datos Personales que\u00a0recauda y de conformidad con la normatividad jur\u00eddica vigente, aplicar\u00e1 el presente Aviso de\u00a0Privacidad a todas aquellas bases de datos implementadas en relaci\u00f3n con sus clientes,\u00a0proveedores, funcionarios, intermediarios y dem\u00e1s partes de inter\u00e9s.<\/p><p>Global Seguros podr\u00e1 publicar Avisos de Privacidad espec\u00edficos y para los cuales se podr\u00e1 requerir o no, el consentimiento expreso del titular de los datos Personales.<\/p><p>As\u00ed mismo usted declara y acepta que cuenta con el consentimiento de aquellas personas,\u00a0incluyendo sin limitaci\u00f3n: c\u00f3nyuge, compa\u00f1era(o), dependientes econ\u00f3micos, beneficiarios,\u00a0asegurados adicionales, etc., de quienes proporcione datos personales en relaci\u00f3n a los servicios\u00a0que suministra\u00a0<strong>GLOBAL SEGUROS DE VIDA S.A.<\/strong>\u00a0En el entendido de que dichos datos se regir\u00e1n\u00a0por el presente Aviso de Privacidad. En particular de aquellos datos sensibles recaudados\u00a0debidamente especificados en nuestra pol\u00edtica de Tratamiento de la informaci\u00f3n, la respuesta a\u00a0preguntas que versen sobre este tipo de datos tiene el car\u00e1cter facultativo en consideraci\u00f3n a los \u00a0productos comercializados por la Compa\u00f1\u00eda.<\/p><p><strong>NOMBRE Y DOMICILIO DEL RESPONSABLE DE LOS DATOS PERSONALES<\/strong><\/p><p>Para efectos de la divulgaci\u00f3n y tratamiento de los datos personales que Usted haya divulgado o\u00a0pudiera llegar a divulgar, por escrito, o a trav\u00e9s de una solicitud, formato en papel, formato digital,\u00a0correo electr\u00f3nico, internet, herramientas tecnol\u00f3gicas o directamente a trav\u00e9s de nuestros\u00a0representantes o cualquier otro medio puesto a disposici\u00f3n por la organizaci\u00f3n, acepta y autoriza a\u00a0<strong>GLOBAL SEGUROS DE VIDA S.A.<\/strong>\u00a0a utilizar y tratar de forma automatizada sus datos personales\u00a0e informaci\u00f3n suministrados, los cuales formar\u00e1n parte de nuestra base de datos con la finalidad\u00a0de usarlos, de acuerdo con la pol\u00edtica de Tratamiento de la informaci\u00f3n implementada por la\u00a0Aseguradora, en cumplimiento de su Objeto Social y de la normatividad jur\u00eddica vigente, con motivo\u00a0de la relaci\u00f3n o posible relaci\u00f3n de negocios con nosotros, as\u00ed como para cualquier otro servicio o\u00a0actividad relacionada, se considerar\u00e1 que el responsable es\u00a0<strong>GLOBAL SEGUROS DE VIDA S.A.\u00a0<\/strong>sociedad debidamente constituida y existente de conformidad con las leyes de la Rep\u00fablica de\u00a0Colombia, identificada con NIT. 860.002.182-1, con domicilio principal en la Carrera 9 No. 74 \u2013 62\u00a0de Bogot\u00e1 D.C.<\/p><p>Para cualquier informaci\u00f3n sobre este Aviso de Privacidad, o para el ejercicio de cualquiera de sus derechos derivados de sus Datos Personales, el presente Aviso de Privacidad o de la ley aplicable, incluyendo sin limitaci\u00f3n sus derechos de acceso, rectificaci\u00f3n, cancelaci\u00f3n y oposici\u00f3n, por favor contactarnos al Tel\u00e9fono 744-0084, correo electr\u00f3nico: <span style=\"text-decoration: underline;\"><a href=\"mailto:protecciondatos@globalseguroscolombia.com\" target=\"_blank\" rel=\"noopener noreferrer\">protecciondatos@globalseguroscolombia.com<\/a>.<\/span><\/p><p><strong>FINALIDADES Y USO DE SUS DATOS PERSONALES<\/strong><\/p><p>Las Finalidades y Usos de sus Datos Personales se encuentran debidamente descritos en nuestra \u00a0pol\u00edtica de Tratamiento de la informaci\u00f3n.<\/p><p><em><strong>MECANISMOS DISPUESTOS POR GLOBAL SEGUROS PARA QUE USTED\u00a0CONOZCA LA POL\u00cdTICA DE TRATAMIENTO DE SU INFORMACI\u00d3N Y LOS\u00a0CAMBIOS SUSTANCIALES QUE SE PRODUZCAN EN ELLA O EN EL AVISO\u00a0DE PRIVACIDAD.<\/strong><\/em><\/p><p><strong>GLOBAL SEGUROS DE VIDA S.A.<\/strong>\u00a0se reserva el derecho a modificar los t\u00e9rminos y condiciones\u00a0de este Aviso de Privacidad, no obstante dicha modificaci\u00f3n se notificar\u00e1 a trav\u00e9s de aviso de\u00a0prensa, correo electr\u00f3nico; comunicaci\u00f3n directa; o un anuncio en nuestra p\u00e1gina de Internet, etc.<\/p><p>Este Aviso de Privacidad, el tratamiento de sus Datos Personales y\/o todos los documentos\u00a0relacionados se rigen por la normatividad jur\u00eddica vigente de Protecci\u00f3n de Datos Personales en\u00a0Colombia.<\/p><p>La Pol\u00edtica que ha implementado\u00a0<strong>GLOBAL SEGUROS DE VIDA S.A.<\/strong> sobre Tratamiento de la Informaci\u00f3n, hace parte integral del presente aviso y esta en permanente disposici\u00f3n para su consulta haciendo <span style=\"text-decoration: underline;\"><a href=\"https:\/\/www.globalseguroscolombia.com\/wp-content\/uploads\/2022\/11\/GS-JUR-MAN-005-POLITICA-DE-TRATAMIENTO-DE-DATOS-PERSONALES-V3.pdf\" target=\"_blank\" rel=\"noopener noreferrer\">clic ac\u00e1<\/a>.<\/span><\/p>\t\t\t\t\t\t\t\t<\/div>\n\t\t\t\t\t<\/div>\n\t\t\t\t<\/div>\n\t\t<div class=\"elementor-element elementor-element-d7968d0 e-flex e-con-boxed e-con e-parent\" data-id=\"d7968d0\" data-element_type=\"container\" data-settings=\"{&quot;background_background&quot;:&quot;classic&quot;}\">\n\t\t\t\t\t<div class=\"e-con-inner\">\n\t\t\t\t<div class=\"elementor-element elementor-element-6491568 elementor-view-stacked elementor-shape-circle elementor-widget elementor-widget-icon\" data-id=\"6491568\" data-element_type=\"widget\" data-widget_type=\"icon.default\">\n\t\t\t\t\t\t\t<div class=\"elementor-icon-wrapper\">\n\t\t\t<a class=\"elementor-icon elementor-animation-pulse\" href=\"#footer\">\n\t\t\t<svg aria-hidden=\"true\" class=\"e-font-icon-svg e-fas-chevron-down\" viewBox=\"0 0 448 512\" xmlns=\"http:\/\/www.w3.org\/2000\/svg\"><path d=\"M207.029 381.476L12.686 187.132c-9.373-9.373-9.373-24.569 0-33.941l22.667-22.667c9.357-9.357 24.522-9.375 33.901-.04L224 284.505l154.745-154.021c9.379-9.335 24.544-9.317 33.901.04l22.667 22.667c9.373 9.373 9.373 24.569 0 33.941L240.971 381.476c-9.373 9.372-24.569 9.372-33.942 0z\"><\/path><\/svg>\t\t\t<\/a>\n\t\t<\/div>\n\t\t\t\t\t\t<\/div>\n\t\t\t\t\t<\/div>\n\t\t\t\t<\/div>\n\t\t\t\t<\/div>\n\t\t","protected":false},"excerpt":{"rendered":"<p>Tratamiento de Datos Personales GLOBAL SEGUROS DE VIDA S.A.\u00a0de acuerdo con la calidad de los Datos Personales que\u00a0recauda y de conformidad con la normatividad jur\u00eddica vigente, aplicar\u00e1 el presente Aviso de\u00a0Privacidad a todas aquellas bases de datos implementadas en relaci\u00f3n con sus clientes,\u00a0proveedores, funcionarios, intermediarios y dem\u00e1s partes de inter\u00e9s. Global Seguros podr\u00e1 publicar Avisos [&hellip;]<\/p>\n","protected":false},"author":1,"featured_media":0,"parent":0,"menu_order":0,"comment_status":"closed","ping_status":"closed","template":"","meta":{"footnotes":""},"class_list":["post-1051","page","type-page","status-publish","hentry"],"acf":[],"_links":{"self":[{"href":"https:\/\/gs-app-sitiosweb-wordpress-develop.azurewebsites.net\/wordpress\/wp-json\/wp\/v2\/pages\/1051","targetHints":{"allow":["GET"]}}],"collection":[{"href":"https:\/\/gs-app-sitiosweb-wordpress-develop.azurewebsites.net\/wordpress\/wp-json\/wp\/v2\/pages"}],"about":[{"href":"https:\/\/gs-app-sitiosweb-wordpress-develop.azurewebsites.net\/wordpress\/wp-json\/wp\/v2\/types\/page"}],"author":[{"embeddable":true,"href":"https:\/\/gs-app-sitiosweb-wordpress-develop.azurewebsites.net\/wordpress\/wp-json\/wp\/v2\/users\/1"}],"replies":[{"embeddable":true,"href":"https:\/\/gs-app-sitiosweb-wordpress-develop.azurewebsites.net\/wordpress\/wp-json\/wp\/v2\/comments?post=1051"}],"version-history":[{"count":4,"href":"https:\/\/gs-app-sitiosweb-wordpress-develop.azurewebsites.net\/wordpress\/wp-json\/wp\/v2\/pages\/1051\/revisions"}],"predecessor-version":[{"id":3331,"href":"https:\/\/gs-app-sitiosweb-wordpress-develop.azurewebsites.net\/wordpress\/wp-json\/wp\/v2\/pages\/1051\/revisions\/3331"}],"wp:attachment":[{"href":"https:\/\/gs-app-sitiosweb-wordpress-develop.azurewebsites.net\/wordpress\/wp-json\/wp\/v2\/media?parent=1051"}],"curies":[{"name":"wp","href":"https:\/\/api.w.org\/{rel}","templated":true}]}}